95
603 (base 9) to base 5
3424
Convert -1000100100111 (base 2) to base 4.
-1010213
What is bbf (base 16) in base 10?
3007
What is 1285 (base 12) in base 9?
2812
What is 11bc (base 15) in base 2?
111011000001
What is -34036 (base 8) in base 2?
-11100000011110
What is -12210021 (base 3) in base 2?
-1000001111011
Convert -606a (base 16) to base 6.
-310134
What is -376 (base 12) in base 4?
-20022
-151b (base 14) to base 4
-322211
What is -1034 (base 7) in base 15?
-198
-1045c (base 14) to base 6
-501510
-226 (base 11) to base 7
-534
11001 (base 2) to base 14
1b
Convert -210300 (base 5) to base 7.
-26156
Convert -466 (base 7) to base 5.
-1434
206325 (base 7) to base 16
8bfe
Convert -27532 (base 11) to base 8.
-114507
Convert -6183 (base 14) to base 5.
-1014100
Convert 101000211 (base 4) to base 8.
210045
Convert 905 (base 13) to base 9.
2075
Convert 2112001 (base 3) to base 12.
1091
-247 (base 10) to base 4
-3313
-1a0a (base 13) to base 6
-30013
1241 (base 5) to base 3
21021
What is 586a (base 11) in base 13?
3673
What is -fc (base 16) in base 4?
-3330
-1100011 (base 3) to base 5
-12401
Convert -1b72 (base 15) to base 13.
-2933
Convert 68d6 (base 15) to base 14.
8175
Convert 120021221 (base 3) to base 13.
50c8
What is -10330 (base 4) in base 12?
-224
Convert 8a (base 14) to base 13.
95
Convert -15663 (base 14) to base 2.
-1101000010010111
-8b02 (base 13) to base 6
-225553
Convert -413443 (base 5) to base 15.
-4083
-2ac (base 16) to base 14
-36c
Convert -13421 (base 5) to base 16.
-457
-3465 (base 9) to base 16
-a0a
Convert 5514 (base 7) to base 11.
1532
What is 802 (base 10) in base 3?
1002201
-2021220 (base 3) to base 9
-2256
What is 25152 (base 8) in base 11?
8181
17884 (base 11) to base 3
1021022121
Convert 11010000000 (base 2) to base 13.
9b0
Convert 1346 (base 12) to base 2.
100010100110
What is -efe5 (base 16) in base 14?
-18549
-30122 (base 4) to base 2
-1100011010
What is 10110 (base 2) in base 6?
34
What is -31032 (base 4) in base 15?
-3b6
Convert 1132 (base 8) to base 15.
2a2
Convert 8628 (base 9) to base 2.
1100011001000
325 (base 16) to base 7
2230
Convert 4105 (base 16) to base 4.
10010011
What is -b3ae (base 15) in base 6?
-451432
Convert -1011232 (base 4) to base 7.
-16003
Convert 2100110 (base 3) to base 2.
11010110001
What is 120211 (base 3) in base 9?
524
Convert 545 (base 16) to base 11.
1017
What is -c31 (base 13) in base 9?
-2747
Convert -140013 (base 7) to base 4.
-12130311
Convert e366 (base 16) to base 13.
20660
Convert 2ab6 (base 13) to base 7.
24113
What is 304 (base 16) in base 6?
3324
Convert -19b5 (base 13) to base 11.
-29a5
Convert 6632 (base 9) to base 14.
1ad3
-734 (base 8) to base 10
-476
Convert -31233 (base 4) to base 16.
-36f
1789a (base 12) to base 8
102466
-1004 (base 7) to base 14
-1ab
Convert -1112120 (base 3) to base 8.
-2142
-1120220 (base 3) to base 6
-5210
6214 (base 9) to base 7
16156
-110322 (base 6) to base 10
-9194
c0 (base 16) to base 10
192
Convert -2646 (base 12) to base 5.
-114444
What is 18790 (base 10) in base 5?
1100130
Convert 331 (base 11) to base 2.
110001101
What is 21361 (base 7) in base 4?
1103113
Convert 602 (base 10) to base 13.
374
Convert -22433 (base 5) to base 14.
-838
What is -5b04 (base 12) in base 11?
-7759
145 (base 13) to base 3
22101
-111000001 (base 2) to base 10
-449
What is -1255 (base 6) in base 2?
-101000011
What is -555 (base 12) in base 10?
-785
3652 (base 8) to base 12
1176
-ab57 (base 14) to base 7
-152340
Convert -12c55 (base 14) to base 15.
-dadb
Convert 14741 (base 10) to base 9.
22188
What is -11101001011000 (base 2) in base 3?
-202111012
Convert -2b490 (base 12) to base 2.
-1110111011101100
What is 1778 (base 14) in base 11?
3199
Convert 157 (base 16) to base 10.
343
-401 (base 9) to base 10
-325
What is -2001101 (base 3) in base 14?
-78b
-22011221 (base 3) to base 11
-4533
What is -500 (base 9) in base 8?
-625
-21323 (base 4) to base 15
-2c5
Convert -21112101 (base 3) to base 9.
-7471
What is 20c (base 15) in base 4?
13032
Convert 11236 (base 9) to base 11.
5695
What is -1010220212 (base 3) in base 15?
-6a2b
What is 86ac (base 15) in base 3?
1110010000
43c (base 16) to base 12
764
Convert 13322 (base 4) to base 12.
362
158b (base 15) to base 3
20100112
What is -10011000110 (base 2) in base 15?
-567
What is 205 (base 14) in base 2?
110001101
What is 23e3 (base 16) in base 9?
13537
What is -1bbd (base 16) in base 7?
-26463
What is -3041 (base 10) in base 11?
-2315
Convert 169 (base 13) to base 9.
314
-372a7 (base 11) to base 5
-3203344
Convert -111010001101 (base 2) to base 16.
-e8d
Convert -11372 (base 11) to base 9.
-24457
Convert 2ec (base 16) to base 10.
748
What is -11001 (base 3) in base 9?
-131
What is -2130130 (base 5) in base 13?
-13697
What is 22855 (base 9) in base 6?
154422
3 (base 7) to base 15
3
10454 (base 6) to base 12
a2a
What is -2085 (base 16) in base 7?
-33162
What is -2424 (base 6) in base 3?
-210221
Convert -101101101100 (base 2) to base 7.
-11345
140646 (base 7) to base 15
7dc9
-24292 (base 11) to base 10
-34949
Convert -22000 (base 5) to base 7.
-4242
-5518 (base 15) to base 2
-100011001100111
Convert 1110001011 (base 2) to base 14.
48b
What is 2dd (base 16) in base 12?
511
Convert -2011020 (base 3) to base 2.
-11000100100
264 (base 15) to base 16
220
What is -4004312 (base 5) in base 15?
-13a57
Convert 9a7 (base 13) to base 12.
b62
Convert 3d4 (base 15) to base 5.
11444
124162 (base 7) to base 11
16377
3b7 (base 16) to base 15
436
Convert -8201 (base 10) to base 11.
-6186
What is -29c (base 15) in base 11?
-4a3
4b4 (base 13) to base 3
1010111
1341445 (base 6) to base 8
223445
Convert 299 (base 15) to base 11.
4a0
Convert -31124 (base 5) to base 15.
-90e
-12511 (base 6) to base 13
-b44
What is -13020 (base 4) in base 9?
-556
What is -a94 (base 14) in base 11?
-1630
What is 36278 (base 9) in base 3?
1020022122
Convert -1202202 (base 3) to base 16.
-509
What is 707 (base 9) in base 8?
1076
Convert 4a5 (base 13) to base 16.
32b
-11101110001 (base 2) to base 14
-9a1
Convert b70 (base 13) to base 10.
1950
Convert -100122 (base 3) to base 4.
-10010
Convert 7243 (base 11) to base 9.
14153
Convert -5322 (base 11) to base 6.
-52334
Convert -149 (base 16) to base 7.
-650
Convert 2bdd (base 16) to base 15.
34d9
What is -1232002 (base 4) in base 10?
-7042
11111010 (base 2) to base 13
163
Convert ba17 (base 12) to base 13.
9415
Convert 704 (base 8) to base 13.
28a
Convert 3203 (base 5) to base 10.
428
-2b (base 12) to base 7
-50
-46 (base 7) to base 10
-34
What is -11b8 (base 12) in base 5?
-31022
110011001 (base 2) to base 9
504
18a6 (base 16) to base 9
8581
a9ca (base 14) to base 11
20091
Convert -40b6 (base 12) to base 3.
-100200010
Convert -12854 (base 11) to base 16.
-479a
-371 (base 11) to base 10
-441
Convert 2ba82 (base 12) to base 11.
42660
-778 (base 12) to base 15
-4d5
-2132110 (base 4) to base 7
-41353
Convert 356 (base 14) to base 11.
554
What is 7aa (base 13) in base 2?
10100101011
What is -13840 (base 11) in base 9?
-28848
Convert 1053220 (base 6) to base 12.
27210
-2333201 (base 4) to base 9
-17728
15b (base 15) to base 12
21b
-52123 (base 6) to base 10
-6963
110121012 (base 3) to base 4
2033201
What is 2bb5 (base 12) in base 8?
12071
Convert -434 (base 14) to base 15.
-3a5
What is -502 (base 11) in base 13?
-379
What is 6113 (base 7) in base 15?
962
4e4d (base 16) to base 11
14073
-259 (base 12) to base 9
-436
What is -1042 (base 10) in base 9?
-1377
-33503 (base 8) to base 15
-42d2
What is -1010100010001 (base 2) in base 7?
-21503
What is 243320 (base 6) in base 8?
52000
Convert 1111210 (base 5) to base 8.
46143
Convert 5b2e (base 15) to base 14.
70d4
What is -112111 (base 3) in base 11?
-326
Convert 198f (base 16) to base 7.
25035
What is 111a (base 15) in base 3?
11222021
Convert -12010111 (base 4) to base 8.
-60425
Convert 13332 (base 4) to base 11.
424
Convert 1625 (base 12) to base 8.
5075
Convert 2b0b (base 13) to base 12.
3760
1320021 (base 4) to base 11
5860
Convert -3313020 (base 4) to base 14.
-5a9a
Convert -1000101122 (base 3) to base 14.
-73c6
35431 (base 7) to base 12
5354
-20000112 (base 3) to base 13
-1cc7
Convert 2edc (base 15) to base 13.
47a6
What is -1625 (base 8) in base 5?
-12132
Convert 92b3 (base 14) to base